(base 15) in base 2?
-1
-1 (base 4) to base 11
-1
Convert -2012 (base 4) to base 14.
-98
-331 (base 4) to base 3
-2021
-25 (base 13) to base 11
-29
34 (base 12) to base 9
44
What is -54 (base 6) in base 12?
-2a
15 (base 16) to base 13
18
Convert 10 (base 3) to base 4.
3
2034 (base 5) to base 2
100001101
Convert -145 (base 13) to base 7.
-442
Convert 15 (base 14) to base 7.
25
What is 430 (base 8) in base 15?
13a
What is -23 (base 15) in base 16?
-21
Convert 10 (base 16) to base 4.
100
What is -7 (base 12) in base 13?
-7
0 (base 8) to base 9
0
What is -10 (base 7) in base 11?
-7
What is -10 (base 12) in base 7?
-15
8 (base 12) to base 11
8
What is 1 (base 9) in base 4?
1
Convert -19 (base 14) to base 2.
-10111
171 (base 9) to base 6
401
Convert 0 (base 9) to base 5.
0
Convert -100001 (base 2) to base 10.
-33
24 (base 6) to base 10
16
Convert -10 (base 3) to base 10.
-3
What is 13 (base 10) in base 4?
31
What is c0 (base 16) in base 9?
233
Convert -122 (base 3) to base 11.
-16
What is 6 (base 9) in base 15?
6
b9 (base 12) to base 14
a1
60 (base 14) to base 4
1110
Convert -12022 (base 3) to base 10.
-143
Convert 13 (base 6) to base 2.
1001
-99 (base 11) to base 8
-154
What is -7 (base 14) in base 4?
-13
What is 32 (base 6) in base 11?
19
-27 (base 16) to base 7
-54
99 (base 10) to base 4
1203
Convert 4 (base 5) to base 10.
4
Convert 4 (base 12) to base 4.
10
Convert -6 (base 16) to base 15.
-6
Convert -c0 (base 14) to base 12.
-120
What is -3a (base 16) in base 9?
-64
Convert 2 (base 10) to base 6.
2
What is 10100 (base 2) in base 8?
24
What is -4b (base 15) in base 3?
-2122
What is 105 (base 13) in base 4?
2232
-4 (base 6) to base 14
-4
What is 131 (base 10) in base 6?
335
-8 (base 11) to base 5
-13
10 (base 5) to base 10
5
Convert 53 (base 7) to base 12.
32
Convert -16 (base 11) to base 13.
-14
Convert -2 (base 11) to base 14.
-2
What is -44 (base 16) in base 9?
-75
Convert -1010 (base 2) to base 8.
-12
Convert 25 (base 9) to base 7.
32
1b (base 12) to base 5
43
-220 (base 3) to base 15
-19
What is 0 (base 16) in base 4?
0
-a (base 13) to base 8
-12
What is 14 (base 11) in base 4?
33
What is 52 (base 9) in base 7?
65
-221 (base 5) to base 2
-111101
Convert -2 (base 9) to base 5.
-2
What is 14c (base 13) in base 4?
3221
Convert 0 (base 11) to base 2.
0
What is -5e (base 16) in base 3?
-10111
What is 0 (base 10) in base 7?
0
6 (base 11) to base 15
6
-130 (base 13) to base 12
-154
What is 1a (base 16) in base 13?
20
What is 210 (base 3) in base 14?
17
Convert -5 (base 11) to base 3.
-12
Convert -15 (base 10) to base 9.
-16
Convert 15 (base 15) to base 10.
20
-10111 (base 2) to base 9
-25
What is -1 (base 4) in base 13?
-1
What is -3 (base 11) in base 6?
-3
Convert -1 (base 8) to base 15.
-1
-10 (base 14) to base 13
-11
What is 311 (base 4) in base 8?
65
Convert 3 (base 12) to base 13.
3
What is -110 (base 3) in base 12?
-10
What is -1 (base 16) in base 12?
-1
0 (base 11) to base 9
0
-2 (base 11) to base 8
-2
Convert -b (base 12) to base 16.
-b
What is 6 (base 8) in base 11?
6
0 (base 3) to base 14
0
Convert -40 (base 8) to base 9.
-35
Convert 1 (base 12) to base 5.
1
What is -112 (base 10) in base 14?
-80
What is 33 (base 12) in base 7?
54
Convert 10 (base 7) to base 9.
7
Convert -10110 (base 2) to base 6.
-34
Convert -213 (base 6) to base 7.
-144
Convert -11 (base 5) to base 12.
-6
Convert 3 (base 12) to base 2.
11
Convert -30 (base 11) to base 6.
-53
What is -12a (base 15) in base 8?
-411
-12 (base 3) to base 11
-5
What is 102 (base 14) in base 5?
1243
What is -2102 (base 3) in base 9?
-72
What is 1b (base 16) in base 10?
27
-21 (base 5) to base 9
-12
-10002 (base 3) to base 2
-1010011
Convert 10 (base 7) to base 13.
7
What is -15 (base 9) in base 14?
-10
27 (base 16) to base 7
54
What is 1 (base 15) in base 5?
1
Convert -3 (base 10) to base 3.
-10
16 (base 10) to base 6
24
Convert 3 (base 11) to base 16.
3
What is -12 (base 7) in base 10?
-9
What is -1010 (base 3) in base 12?
-26
What is 3 (base 10) in base 11?
3
-10 (base 8) to base 10
-8
Convert -1b (base 14) to base 8.
-31
Convert 1 (base 9) to base 11.
1
What is 1 (base 15) in base 7?
1
Convert -37 (base 10) to base 9.
-41
13b (base 16) to base 11
267
What is -28 (base 9) in base 10?
-26
Convert -2 (base 15) to base 5.
-2
What is -1d (base 15) in base 2?
-11100
What is -20 (base 3) in base 13?
-6
-69 (base 14) to base 9
-113
-8 (base 12) to base 4
-20
What is a8 (base 11) in base 7?
226
40 (base 8) to base 12
28
What is -34 (base 6) in base 13?
-19
Convert -31 (base 12) to base 9.
-41
-110010 (base 2) to base 14
-38
Convert -2 (base 7) to base 5.
-2
Convert -25 (base 7) to base 3.
-201
What is -101 (base 4) in base 6?
-25
What is 4 (base 8) in base 4?
10
Convert -54 (base 11) to base 6.
-135
Convert 0 (base 16) to base 12.
0
Convert 2 (base 15) to base 14.
2
22 (base 12) to base 4
122
5 (base 7) to base 11
5
Convert 0 (base 8) to base 12.
0
159 (base 11) to base 8
271
Convert -1213 (base 4) to base 16.
-67
Convert b (base 15) to base 2.
1011
Convert -1a (base 15) to base 4.
-121
Convert 1143 (base 5) to base 15.
b8
-164 (base 7) to base 14
-6b
48 (base 11) to base 7
103
What is -12 (base 3) in base 14?
-5
What is 30 (base 14) in base 4?
222
Convert -330 (base 4) to base 13.
-48
Convert 3 (base 6) to base 12.
3
What is -50 (base 6) in base 3?
-1010
Convert -200 (base 4) to base 12.
-28
What is 3 (base 12) in base 11?
3
1044 (base 6) to base 8
364
What is 3 (base 16) in base 9?
3
-2 (base 10) to base 3
-2
-a (base 13) to base 10
-10
Convert 6 (base 12) to base 6.
10
Convert 1 (base 14) to base 13.
1
What is 2 (base 6) in base 3?
2
Convert 20 (base 3) to base 2.
110
Convert -200 (base 5) to base 12.
-42
0 (base 15) to base 16
0
12 (base 5) to base 16
7
Convert 7 (base 14) to base 11.
7
Convert 13 (base 6) to base 9.
10
What is -2 (base 9) in base 2?
-10
-3 (base 13) to base 6
-3
666 (base 7) to base 5
2332
What is 1 (base 7) in base 2?
1
Convert -101 (base 2) to base 9.
-5
What is 6 (base 14) in base 9?
6
-263 (base 9) to base 15
-e9
Convert 1022 (base 4) to base 15.
4e
Convert -9 (base 12) to base 10.
-9
Convert 7 (base 14) to base 16.
7
Convert 6 (base 10) to base 3.
20
What is -4 (base 8) in base 6?
-4
What is -3 (base 16) in base 13?
-3
What is -30 (base 6) in base 10?
-18
What is b (base 15) in base 12?
b
What is -3 (base 11) in base 8?
-3
What is 29 (base 11) in base 15?
21
What is -11 (base 3) in base 16?
-4
-1 (base 14) to base 2
-1
Convert d (base 16) to base 2.
1101
What is -440 (base 5) in base 3?
-11110
-1 (base 15) to base 8
-1
Convert 201 (base 3) to base 4.
103
-2001 (base 4) to base 8
-201
Convert 6 (base 7) to base 4.
12
-21201 (base 3) to base 4
-3100
Convert 10101 (base 2) to base 10.
21
What is -101 (base 2) in base 7?
-5
0 (base 8) to base 2
0
What is 11 (base 2) in base 10?
3
What is -8 (base 11) in base 15?
-8
What is 5 (base 12) in base 5?
10
Convert 13 (base 6) to base 16.
9
1000 (base 4) to base 2
1000000
Convert 10 (base 13) to base 6.
21
Convert -44 (base 6) to base 11.
-26
-2 (base 12) to base 14
-2
Convert -72 (base 11) to base 4.
-1033
Convert 32 (base 6) to base 8.
24
What is -11 (base 16) in base 10?
-17
What is 0 (base 10) in base 16?
0
-10 (base 2) to base 12
-2
Convert 34 (base 15) to base 10.
49
-95 (base 16) to base 13
-b6
What is 155 (base 8) in base 11?
9a
What is 1 (base 3) in base 16?
1
-5 (base 11) to base 15
-5
Convert 1 (base 8) to base 15.
1
Convert -30 (base 4) to base 12.
-10
What is -3 (base 14) in base 7?
-3
What is -110 (base 2) in base 11?
-6
Convert -b (base 15) to base 9.
-12
What is 2d (base 14) in base 5?
131
73 (base 8) to base 14
43
Convert -211 (base 11) to base 15.
-11e
10111001 (base 2) to base 3
20212
What is -1011 (base 5) in base 10?
-131
What is 4 (base 10) in base 13?
4
What is -3 (base 7) in base 3?
-10
-32 (base 6) to base 14
-16
What is 80 (base 12) in base 11?
88
-1d (base 16) to base 11
-27
Convert -4 (base 13) to base 6.
-4
130 (base 5) to base 4
220
43 (base 10) to base 4
223
What is -4 (base 10) in base 7?
-4
Convert 44 (base 6) to base 4.
130
Convert 173 (base 10) to base 9.
212
What is 1001000 (base 2) in base 13?
57
What is -335 (base 6) in base 5?
-1011
-10 (base 9) to base 10
-9
Convert 2 (base 4) to base 9.
2
